107242219 prime?
True
Is 440738239 a prime number?
True
Is 1790170427 a prime number?
True
Is 2781833423 composite?
True
Is 3366509227 composite?
True
Is 973687987 a prime number?
False
Is 8325786621 a prime number?
False
Is 25612151 a composite number?
True
Is 91649281 a prime number?
False
Is 1454421266 composite?
True
Is 64014289 prime?
True
Is 109024037 a prime number?
True
Is 2649500437 a prime number?
True
Is 5468904869 prime?
False
Is 6962198011 a composite number?
False
Is 11318185751 composite?
True
Is 1716649903 prime?
False
Is 370291693 prime?
True
Is 12543201599 composite?
True
Is 1638416821 a composite number?
False
Is 8644314923 prime?
False
Is 2186462071 a prime number?
False
Is 99535531 composite?
True
Is 1909299649 a composite number?
True
Is 6942401899 prime?
False
Is 2620944533 a prime number?
True
Is 68583622417 prime?
True
Is 244267253089 prime?
True
Is 327908027 a composite number?
True
Is 7012392041 a composite number?
False
Is 572379839 prime?
False
Is 1634563219 prime?
True
Is 35869294009 a composite number?
False
Is 2100619229 prime?
False
Is 82531909 prime?
True
Is 131033863 prime?
False
Is 19731393257 a prime number?
True
Is 15528424949 a composite number?
False
Is 39796942873 prime?
False
Is 32901691 a composite number?
False
Is 49539583831 prime?
False
Is 49615735919 prime?
True
Is 2093962951 composite?
True
Is 488752879 composite?
False
Is 2759152139 a prime number?
False
Is 1035565903 a composite number?
False
Is 6201520851 a prime number?
False
Is 121756816537 prime?
True
Is 12724449467 composite?
False
Is 1081785931 a composite number?
True
Is 932572021 a composite number?
False
Is 5433478223 a prime number?
False
Is 82707371 composite?
False
Is 59148461 a composite number?
True
Is 559814069 a prime number?
True
Is 2880038177 composite?
False
Is 158139403 prime?
True
Is 5699027459 a prime number?
True
Is 376050757 a prime number?
False
Is 26821275959 prime?
False
Is 1248450421 a prime number?
True
Is 60466305433 a composite number?
True
Is 422926627 prime?
True
Is 15391013 prime?
False
Is 193184149417 a composite number?
True
Is 3242833537 a prime number?
False
Is 34456511431 a composite number?
False
Is 2597009767 a composite number?
True
Is 8446824181 a composite number?
True
Is 4233840379 a composite number?
True
Is 1486129017 a composite number?
True
Is 3944582357 composite?
False
Is 3397116311 a prime number?
True
Is 295829399 prime?
True
Is 319526640971 prime?
False
Is 413532877 composite?
False
Is 1275247499 composite?
True
Is 2744209021 a prime number?
True
Is 8519997691 a composite number?
False
Is 4535103389 a composite number?
False
Is 17048182433 a composite number?
False
Is 59817403 prime?
True
Is 587190677 prime?
True
Is 1818367819 a prime number?
False
Is 16585395527 composite?
True
Is 85010929 composite?
False
Is 108626028551 composite?
True
Is 2508904949 a composite number?
False
Is 933088259 prime?
True
Is 26824409149 prime?
False
Is 22711969243 composite?
False
Is 1289948017 prime?
False
Is 16628987267 a prime number?
True
Is 17095742569 a prime number?
True
Is 615312107 composite?
False
Is 41831690729 prime?
False
Is 848262143 prime?
False
Is 12521027521 a composite number?
False
Is 3312616903 a composite number?
False
Is 52367130313 composite?
False
Is 2714226107 prime?
True
Is 2617172906 a composite number?
True
Is 729439045 composite?
True
Is 5882899523 a composite number?
False
Is 1010277719 a prime number?
False
Is 6810941821 a prime number?
True
Is 571441646 prime?
False
Is 7664466419 prime?
True
Is 254857645631 a prime number?
True
Is 10092023167 a composite number?
False
Is 7737030997 a composite number?
True
Is 7335714031 a composite number?
True
Is 215581519 a prime number?
False
Is 3567164963 a composite number?
False
Is 787207151 prime?
False
Is 183610573 prime?
True
Is 1680908497 a prime number?
False
Is 3244853341 composite?
True
Is 28421701973 composite?
True
Is 318638121 a composite number?
True
Is 189109873 a prime number?
True
Is 223872622 a prime number?
False
Is 1304372387 a prime number?
False
Is 39557306377 prime?
True
Is 231399037 composite?
True
Is 390312319 a composite number?
True
Is 84801544293 a prime number?
False
Is 23496939457 composite?
True
Is 47543269 a composite number?
False
Is 1052453383 a prime number?
False
Is 24323363047 a composite number?
True
Is 38528012741 a composite number?
False
Is 2394252431 composite?
False
Is 12554174623 prime?
True
Is 6192820079 a prime number?
True
Is 2336003053 composite?
True
Is 3535160351 composite?
True
Is 59028404161 a prime number?
True
Is 1712087053 composite?
False
Is 2883342659 composite?
True
Is 46320896541 a composite number?
True
Is 11857964953 a composite number?
False
Is 5956734767 composite?
False
Is 1315418017 a prime number?
True
Is 21492161479 composite?
False
Is 100175904503 a composite number?
False
Is 2721440669 composite?
True
Is 75660732743 a prime number?
True
Is 115437380543 a prime number?
True
Is 11675283013 a prime number?
True
Is 9005530759 composite?
False
Is 38729230291 composite?
True
Is 104818603 composite?
False
Is 505020779 composite?
True
Is 37949093459 a composite number?
False
Is 136928551691 prime?
True
Is 552375749 a composite number?
True
Is 2713364783 a prime number?
True
Is 2369646679 a prime number?
True
Is 502860019 composite?
False
Is 413535611 a composite number?
False
Is 40707050563 composite?
False
Is 1073103751 composite?
False
Is 720419783 composite?
True
Is 6390862007 a prime number?
True
Is 210189917 prime?
False
Is 25444127165 composite?
True
Is 2296668886 composite?
True
Is 6921859647 a composite number?
True
Is 65547893 composite?
False
Is 4561105447 a composite number?
True
Is 201517919 a composite number?
False
Is 160443861 composite?
True
Is 3739497955 composite?
True
Is 8829851263 composite?
False
Is 796182477 a prime number?
False
Is 785635613 composite?
True
Is 3259772909 composite?
True
Is 13743861634 a composite number?
True
Is 14379442247 a prime number?
False
Is 20095609909 a composite number?
False
Is 5700303811 a prime number?
False
Is 3638898631 prime?
True
Is 4062694693 prime?
True
Is 12097967477 a composite number?
False
Is 2746539841 prime?
True
Is 6592151113 a composite number?
False
Is 17277668819 composite?
False
Is 6628281061 prime?
True
Is 925907233 composite?
True
Is 3396246421 a composite number?
False
Is 17883978689 a composite number?
False
Is 2946728929 a prime number?
True
Is 5143046183 a prime number?
False
Is 3004989661 prime?
True
Is 6080080007 a prime number?
True
Is 13316790239 a prime number?
True
Is 12000418895 a composite number?
True
Is 1994909549 prime?
False
Is 27781989 a prime number?
False
Is 27740058029 a prime number?
True
Is 1578341933 prime?
False
Is 2987121569 prime?
True
Is 114319999 a prime number?
False
Is 5935355929 prime?
True
Is 59944287031 a composite number?
False
Is 681792963 a composite number?
True
Is 707098949035 prime?
False
Is 1443426989 a composite number?
False
Is 1536330869 a prime number?
True
Is 461018059 a prime number?
False
Is 51781636705 a prime number?
False
Is 3464096183 composite?
True
Is 3898947763 composite?
True
Is 110088607 composite?
False
Is 669814487 composite?
True
Is 11421854999 a prime number?
True
Is 55722991037 composite?
True
Is 389682407 a composite number?
False
Is 37164230911 composite?
False
Is 221617189 composite?
False
Is 138102942947 composite?
True
Is 209664184393 a prime number?
False
Is 46072353671 prime?
True
Is 11356040737 a composite number?
False
Is 1002517431 a composite number?
True
Is 3669648629 a prime number?
True
Is 157755224449 composite?
True
Is 546153937 a prime number?
False
Is 158619917 composite?
False
Is 1122789967 composite?
True
Is 426981559 a prime number?
True
Is 3277579831 a prime number?
False
Is 1172831831 composite?
False
Is 368961071 a prime number?
False
Is 122320552381 prime?
False
Is 206969677 a prime number?
True
Is 254060352779 prime?
True
Is 13010121133 prime?
True
Is 1428793381 a prime number?
True
Is 672605741 a composite number?
True
Is 12072678073 prime?
False
Is 235928138989 prime?
False
Is 1696786243 a prime number?
True
Is 8645989369 prime?
True
Is 5354632943 a composite number?
True
Is 1262257861 a composite number?
True
Is 4453416